 -9. Let w(j) = 5*j - 6. Calculate the remainder when (5 - -10)*11/3 is divided by w(q).
13
Let b be (-1)/(-4) - 7/(-4). Suppose -4*r - b*f = 2, f + 4 = -1. Suppose -p - p + 140 = 4*n, r*p = 4*n - 132. Calculate the remainder when n is divided by 12.
10
Let d = 54 - 30. What is the remainder when d is divided by (-2)/(-5) + 189/15?
11
Let d(j) = -7*j - 2. Let y be d(3). Let n = y + 54. What is the remainder when n is divided by 11?
9
Let c(p) = -2*p**2 - 6*p - 3. Let k be c(-5). Let w = k - -44. Let r(t) = t**2 + 3*t - 7. What is the remainder when w is divided by r(-6)?
10
Let f(s) = -4*s**2 - 8*s - 6. Let u(g) = -9*g**2 - 17*g - 11. Let h(p) = -7*f(p) + 3*u(p). Calculate the remainder when h(-7) is divided by 12.
11
Suppose 10*z - 5*z - 66 = -4*v, -v + 24 = 5*z. Calculate the remainder when (-18)/(2 + (-16)/6) is divided by v.
13
Let x = -128 - -141. What is the remainder when x is divided by 9?
4
Suppose 2*b + 98 = -0*s + 2*s, 3*b - 12 = 0. Calculate the remainder when s is divided by 14.
11
Let a(j) = j + 2. Let q be a(0). Let i be (-4)/(-2 + 1) - q. Suppose 32 = i*d - 38. What is the remainder when d is divided by 12?
11
Let b(i) = -6*i - 1. Let y = -23 - -26. What is the remainder when b(-1) is divided by y?
2
Suppose 39 = r - 102. Calculate the remainder when 43 is divided by 2/(-5) + r/15.
7
Let v = -34 + 51. Suppose -4*s = 1 - 57. Calculate the remainder when ((-2)/(-3))/(s/693) is divided by v.
16
Let q be 8/16*(16/2 + 2). Let z(w) = 4 + 9*w - 5 - 2. What is the remainder when z(q) is divided by 11?
9
Let x(b) = 5 - b + 0 - 2 - 4. Let f be x(-4). Suppose 4*s - 8 = 0, 2*s + 12 = f*c - s. Calculate the remainder when 10 is divided by c.
4
Suppose 0 = 5*l + 5*h + 35, h + 3 - 7 = 0. Let i = -29 + 11. Let a = l - i. What is the remainder when 12 is divided by a?
5
Suppose -m = -27 - 3. Let n = 77 - m. Suppose -5*b - 31 = -l, 5*l + 5*b = -18 + 83. What is the remainder when n is divided by l?
15
Let o(n) be the second derivative of 11*n**5/20 + n**3/6 + 3*n. Let z be o(1). Let t = z + 0. What is the remainder when 33 is divided by t?
9
Suppose 0 = -0*f - 4*f - 60. What is the remainder when f/(-10) - (-49)/2 is divided by 14?
12
Suppose -u - 27 = -o - 4*u, -2*u = -3*o + 114. What is the remainder when o is divided by 13?
10
Let w be 3*(5/(-3) + -1). Let b = w - -20. Calculate the remainder when 22 is divided by b.
10
Let z(o) = 3*o**3 - 3*o. Let g(l) = -2*l**3 - l**2 + 3*l - 1. Let q(k) = 4*g(k) + 3*z(k). What is the remainder when q(5) is divided by 13?
10
Let z be 36/15 - 2/5. Let k(b) = 2*b**2 - 3*b - 1. Let h(f) = -5*f**2 + 7*f + 2. Let x(q) = -3*h(q) - 7*k(q). What is the remainder when 9 is divided by x(z)?
4
Let n = -63 + 97. Let o(b) = b**2 + 8*b + 6. Let p(y) = 2*y**2 + 16*y + 11. Let q(k) = 11*o(k) - 6*p(k). Calculate the remainder when n is divided by q(-6).
10
Let b = -33 + 79. Suppose -b = 4*o - 250. Calculate the remainder when o is divided by 13.
12
Suppose -3*j + 90 = -v, 0 = -2*j + 3*v - 2*v + 61. Let l = j + -11. Calculate the remainder when l is divided by 10.
8
Suppose 2*t + 35 = -117. Let r = -11 - t. Suppose -3*h = -r - 22. What is the remainder when h is divided by 10?
9
Let i be (6/7)/((-1)/56). Calculate the remainder when 110 is divided by (i/(-18))/(4/42).
26
Let r(j) = 4*j - 28. Calculate the remainder when r(9) is divided by 3.
2
Let j = 0 - -7. Suppose 20 = 5*b, -b + 64 = -3*x - 0*x. Let z = x + 33. Calculate the remainder when z is divided by j.
6
Let t(l) = -l + 6. Let w(q) = q**3 + 7*q**2 - 10*q - 29. Calculate the remainder when w(-7) is divided by t(-5).
8
Let w = 36 + -29. What is the remainder when w is divided by 5?
2
Suppose a = -3*a - 408. Let n = a - -145. Calculate the remainder when n is divided by 15.
13
Suppose 2*d = m - 45 + 16, -2*m = -2*d - 68. Suppose -5*c - q + 19 = -m, -3*c + 30 = 3*q. Let r = -52 + 97. Calculate the remainder when r is divided by c.
9
Suppose n + q - 26 - 28 = 0, 100 = 2*n - 2*q. Calculate the remainder when n is divided by 27.
25
Suppose 5*a = -1 - 4. Calculate the remainder when 17 is divided by a/(8/10 + -1).
2
Let c = 120 - 76. Let a = c + -21. Calculate the remainder when a is divided by 5.
3
Let k = 18 + -8. Calculate the remainder when 17 is divided by k.
7
Let a(q) = -q**3 + 16*q**2 + 3*q + 33. What is the remainder when a(15) is divided by 17?
14
Suppose 14*g = 966 - 154. What is the remainder when g is divided by 2/(-1 + (-34)/(-30))?
13
Let u(y) = y**3 - 4*y**2 - 2*y - 5. Let x be u(5). Let c = -1 + x. What is the remainder when 23 is divided by c?
5
Suppose 4 = 4*v - 4. Suppose 3*l = -v + 5. Let f(p) = 12*p**2. Calculate the remainder when 34 is divided by f(l).
10
Let r(k) = -k**3 - 3*k**2 - 3*k - 3. What is the remainder when r(-5) is divided by 16?
14
Let j = 7 + -4. Suppose -3*l = -5*b - 4*l - 51, j*b + 5*l + 13 = 0. Let p = b + 33. What is the remainder when p is divided by 8?
6
Let d(b) = b**3 - 5*b**2 + 4*b. Let s be d(5). Suppose -2*l - s = -5*x, 0 = -0*l + l - x + 4. Calculate the remainder when l + (-2 - -24*1) is divided by 12.
10
Suppose -46 = 3*n - 154. What is the remainder when n is divided by 19?
17
Suppose -3*n + 21 = -15. Let b be 6/(3 + -2) + -1. Suppose -n = -4*i, 0*m = -m - b*i + 22. Calculate the remainder when m is divided by 4.
3
Suppose -c = 9 - 21. Calculate the remainder when 44 is divided by c.
8
Let t(f) = 34*f**2 - f + 1. Let k be 6/8 + (-1)/(-4). Suppose -5*c + 3*c = -24. What is the remainder when t(k) is divided by c?
10
Let r = 198 - 100. What is the remainder when r is divided by 25?
23
Suppose -2 = 3*x - 8. What is the remainder when 2 is divided by x?
0
Suppose 100 - 8 = 4*i. Calculate the remainder when i is divided by 12.
11
Suppose 4*p + s - 117 = 0, 3*s - 82 = -5*p + 66. What is the remainder when 110 is divided by p?
23
Let k = 246 + -210. Let r = 19 + 6. Suppose -b - 40 = -5*n - 6*b, -5*b = r. Calculate the remainder when k is divided by n.
10
Suppose 14 = -3*v - 4. Calculate the remainder when -84*(-1 + (-3)/v) is divided by 11.
9
Let u = -1 + 4. Suppose -3*g + 60 = -3*h, -u = 2*h + 7. Calculate the remainder when 43 is divided by g.
13
Suppose 4*v + 3 = 51. Let d(u) = -17*u - 4. Let t be d(-4). Let s = t - 30. Calculate the remainder when s is divided by v.
10
Let w(x) = x**2 + 10*x + 21. Calculate the remainder when 83 is divided by w(-10).
20
Let n(y) = -y**2 - 13*y - 18. Calculate the remainder when 34 is divided by n(-10).
10
What is the remainder when (4 - 1) + 21 + -1 is divided by ((-8)/(-20))/((-2)/(-60))?
11
Let s be (-2)/8 - 65/(-4). Let p = s + -7. Suppose 4*j = -29 + p, -2*j + 58 = 4*i. Calculate the remainder when i is divided by 6.
5
Let g(s) = -s**3 - 6*s**2 - 3*s - 5. Let t be g(-5). Let i = -5 - t. What is the remainder when 28 is divided by i?
8
Calculate the remainder when 1/5*0 + 101 is divided by 34.
33
Let u = 7 - -5. Suppose 0 = 2*h, -2*b + 3*b - 4*h = 46. Calculate the remainder when b is divided by u.
10
Let o(y) = 2*y**3 - 5*y**2 + 6*y**2 - y**3 + y. Let m be o(-1). Calculate the remainder when m + 0 - 3*-5 is divided by 5.
4
Let d(z) = z**3 - 9*z**2 - 9*z + 15. Calculate the remainder when d(10) is divided by 13.
12
Suppose -4*u = -u + 132. Let t = -10 - u. Suppose 4*a + 3*w - w = 50, -a + 10 = -2*w. What is the remainder when t is divided by a?
10
Suppose 6*y - 186 = 4*y. What is the remainder when y is divided by 24?
21
Let a be 1/4 + (-262)/(-8). Let b = -20 + a. Let r(i) = i**2 + 5*i + 2. Calculate the remainder when r(-9) is divided by b.
12
Let p(m) = -m**3 - 3*m**2 + 8*m + 4. Let k(v) = v**3 + 3*v**2 + 2*v + 1. Let f be k(-3). What is the remainder when 25 is divided by p(f)?
11
Let q(b) = -b**3 + 6*b**2 - 5*b + 7. Let h(x) = -x**3 + x**2 + x + 5. Calculate the remainder when q(5) is divided by h(0).
2
Suppose 4*u - 2 = 5*u. Let y(t) = 2*t**3 + 3*t**2 + 2*t + 2. Let x be y(u). Let l = x + 20. Calculate the remainder when 40 is divided by l.
12
Let u = -11 - -16. Let p = u - 2. Suppose 0 = -b + p*b - 24. Calculate the remainder when b is divided by 7.
5
Suppose -3*c + c = -5*o - 15, 4*c = 2*o + 6. Suppose c*f - 42 = -3*f. Calculate the remainder when 38 is divided by f.
10
Let l(c) = -31*c + 1. Calculate the remainder when l(-1) is divided by 11.
10
What is the remainder when (-